 units digit of a/(-15) - (-383)/5?
7
Let q(g) = 2*g**2 + 21*g + 28. Let s(x) = x**2 + 11*x + 14. Let l(j) = 3*q(j) - 5*s(j). Let t be l(-6). What is the tens digit of ((-3)/t)/(0 - 2/60)?
4
Let b = -20 - -41. Suppose -b*q = -3339 - 861. What is the units digit of q?
0
Suppose -14*y + 4*p = -10*y - 1100, 3*y + p - 845 = 0. Suppose -2*r - 5*h = -11, r + 33 = 4*r + 2*h. Suppose -r*c + y = -11*c. What is the units digit of c?
0
Let u = -9954 - -24803. What is the hundreds digit of u?
8
Let o be (-49616)/88 + (-8)/44 + 0. Let s = o - -860. What is the units digit of s?
6
Let b(j) = 15*j + 758. What is the units digit of b(-40)?
8
Let y be (3 + 1/1)*70840/176. Suppose -12*f = -22*f + y. What is the tens digit of f?
6
Suppose 21857 = -1178*r + 1179*r + l, 0 = -4*r + l + 87443. What is the ten thousands digit of r?
2
Suppose -2*x - 46 = 2*w, -85 = 5*x - 2*w + 51. Let g(s) = -32*s + 126. What is the tens digit of g(x)?
5
Let i be (14/4)/(-4 + 72/16). Suppose 4*t - i*t + 3 = 0, 4*j + t - 2329 = 0. What is the tens digit of j?
8
Let c be (-12)/(-8)*2 - (1 + -7). Suppose 0 = -4*p + c*p - 4595. What is the tens digit of p?
1
Suppose q - 5424 = -3*b, -3*q + 15*b - 10*b + 16314 = 0. What is the thousands digit of q?
5
Let g(t) = -7*t + 39. Let q be g(13). Let w = -39 - q. Suppose -9*z + w + 1328 = 0. What is the tens digit of z?
4
Let b(y) = y**3 - 22*y**2 + 2*y - 14. Let i be b(22). Let k = i + -29. Let t(r) = 241*r**2 + r - 2. What is the tens digit of t(k)?
4
Suppose -4*g + 200 = 4*v - 24, 0 = -g + 5. Suppose 74*j + 335 = 7*j. What is the hundreds digit of (-15)/j*v - -3?
1
Let y = -18 - -13. Let n(o) be the second derivative of o**4/3 + 2*o**3/3 + 216*o - 3. What is the units digit of n(y)?
0
Suppose -2907*v + 2896*v = -84051. What is the units digit of v?
1
Suppose 0 = -r + 5, -4*r = -2*c - 5*r + 91. Let h(w) = 41*w + 3. Let d be h(6). Let f = d - c. What is the tens digit of f?
0
Suppose -7*k + 285 = -562. Let g = k - 120. What is the tens digit of (3/g)/3 - 477/(-9)?
5
Let c = -275 + 275. Suppose 2*a - 3*o = -3*a + 481, -2*a + 4*o + 198 = c. What is the tens digit of a?
9
Let p = 59963 + -25594. What is the hundreds digit of p?
3
Let y be -15 + 14 + 6*4/6. Suppose 2*a - 760 = -3*u - 3*a, -752 = -y*u - a. What is the units digit of u?
0
Let t = 356 + -335. What is the hundreds digit of 603 + 4 + t/3?
6
Suppose -7*c + 760 = -45. Suppose 5 = 6*r - c. Suppose -3*f - r = -536. What is the hundreds digit of f?
1
Suppose 2*m + 9 = 15. Suppose -4*j = -m*i - 1221, -3*i - 1012 + 397 = -2*j. Suppose 101 = s + 4*d, -3*s + 3*d = 7*d - j. What is the units digit of s?
1
Suppose -4*q + 5*q - 743040 = -14*q. What is the thousands digit of q?
9
Let v(f) = 4*f**2 - 18*f + 863. What is the hundreds digit of v(82)?
2
What is the thousands digit of (-2688 + -1)/((0 - -31)/(-62))?
5
Let k = -12576 - -12462. Suppose 0*v + v = 116. Let i = v + k. What is the units digit of i?
2
Suppose 236923 = 2*j + 43*j + 6028. What is the hundreds digit of j?
1
Let v = 36026 - 20792. What is the tens digit of v?
3
Suppose -3*d + 93225 = 2*b + 9423, 7*b + 2*d - 293307 = 0. What is the ten thousands digit of b?
4
Suppose -2*k = 5 - 15. Suppose -5*h + 145 = k*d, 8*h = 2*d + 4*h - 46. What is the tens digit of d + -6 + (-5 - -6)?
2
Let q(n) = n**3 - 8*n**2 + 19*n + 10. Suppose 49*r - 54*r + 40 = 0. What is the units digit of q(r)?
2
Suppose 2*f - 3*z - 8 = 0, 5*f - f + 3*z = 16. Suppose 0 = -3*k + 3*u + 1218 - 69, -5*u = f*k - 1559. What is the hundreds digit of k?
3
Suppose 13*w + 46 = -32. What is the hundreds digit of (-12)/9 + (-1460)/w?
2
Suppose -55*u + 38118 = -350153 - 103649. What is the units digit of u?
4
Let g = 48 + -50. Let o be (-78)/3*1*g. Suppose 6*c - 5*c = o. What is the tens digit of c?
5
Let o(w) = 17*w**2 + 22*w + 8. Let l be o(-10). Suppose 0 = -16*r + 13*r + l. What is the units digit of r?
6
What is the tens digit of (-12)/2 - 376*(-1302)/168?
0
Suppose -2*n + u + 1472 = 0, -13*n + 14*n + 2*u = 741. Suppose -n = -5*a + 3*b + 594, 2*a - 526 = -2*b. What is the hundreds digit of a?
2
Suppose 5*t + 895 = 5*m, 2*t = -3*t - 25. Let d = m - -41. Let y = -108 + d. What is the hundreds digit of y?
1
Suppose 3*w = 2*m - 16934, -3*m + 3*w + 24545 + 859 = 0. What is the units digit of m?
0
Let l = -355 - -61. Let h = -200 - l. Suppose -5*o - 4*t + 530 = t, 5*t = o - h. What is the hundreds digit of o?
1
Let m(n) = -17*n**2 - 27*n + 129. Let h be m(9). What is the units digit of h/(-2) + (-9 - -10)/2?
6
Let b(v) = -18*v + 14. Let s(y) = -4 + 12*y - 9 - 2 + 6. Let d(q) = -5*b(q) - 7*s(q). What is the tens digit of d(10)?
5
Suppose 4388*g = 4403*g - 937305. What is the units digit of g?
7
What is the ten thousands digit of 16/40*568335/6?
3
Let l(t) = 1433*t**2 - 82*t + 409. What is the tens digit of l(5)?
2
Let i = 362 + -384. What is the hundreds digit of ((-508)/(-6)*2)/(i/(-66))?
5
Suppose 29*a - 10688 = -3*a. Let b = a + 345. What is the units digit of b?
9
Let p = 7 + -5. Suppose -4*h = -2*o - p, 3 - 6 = h - 4*o. What is the units digit of (-5)/(h + 4) - -7?
6
Let o be (6/(-4))/(18/(-48)). Let w(r) = -r**3 + 14*r**2 - 25. Let t be w(15). What is the units digit of (o + t/(-15))*6?
4
Suppose -27*v + 30*v - 48 = 0. Suppose 5*b + 35 = 3*x, 12 + v = 3*x + 2*b. Suppose -66 = x*j - 2466. What is the tens digit of j?
4
Let y be ((-65)/25 + 3)*-140. Let k = y + 59. Suppose -4*h + 4 = 3*i, -k*h + h = 2*i - 4. What is the units digit of i?
4
Suppose -2*o = -4*i + 4, -5*i - 3 = -5*o + 2. Let d be (-147)/(-1) + 12/o. Suppose -24 = 2*w - r - 166, 2*w - d = 5*r. What is the units digit of w?
0
Let j(l) be the first derivative of 15*l**4/2 + l**3 - 2*l + 507. Let r(q) = -q**3 + 6*q**2 - q + 8. Let s be r(6). What is the hundreds digit of j(s)?
2
Suppose 0 = -5*q - 3*b + 306, 4*q + b - 238 = 2*b. What is the units digit of ((-3776)/(-6))/(40/q)?
4
Suppose 3*l + 4*o + 20 = 0, -2*o - 3 = -5*l + 7. Suppose l = -6*j + 9*j - 912. Suppose 928 + j = 8*u. What is the units digit of u?
4
Let r be 1/((-1)/(-3) - 2220/6687). Let i = r - 504. What is the tens digit of i?
3
Let r = 764 + -418. Let d = r + -153. What is the hundreds digit of d?
1
Suppose 5*k = -o + k + 292, 1508 = 5*o - 4*k. Suppose 5*f + o = -f. Let l = f + 91. What is the units digit of l?
1
What is the thousands digit of ((-53622)/(-21) - -1)*(-9)/(180/(-140))?
7
Suppose -7421 = -8*k + 1563. Let d = k - 804. What is the tens digit of d?
1
Let r be 462/(-90) + (-42)/(-315). Suppose -q + 8 = 3*q. What is the hundreds digit of 1446/5 - (q - (-9)/r)?
2
Let d = 63816 - 28500. What is the units digit of d?
6
Let r = 1508 + -559. What is the units digit of r?
9
Let v(g) = 8*g - 4. Let w(k) = 4*k - 2. Let c(s) = 3*v(s) - 5*w(s). Let l be c(6). What is the units digit of (66/(-4))/((-11)/l)?
3
Suppose 3*g = 11*k - 6*k - 3482, -5*g - 5*k = 5790. Let z = 746 - g. What is the tens digit of z?
0
Suppose -c + 3*c - 8 = 0. Let n be (2 - 2)/(3 + 0). Suppose 2*v - v + 5*y = -19, n = -v - c*y - 14. What is the units digit of v?
6
Suppose 0 = -14*c + 8*c - 672. Let z be c/6*((-205)/10 - 2). Suppose a + z = 5*a. What is the tens digit of a?
0
Let p(n) = -9*n + 70. Let a be p(8). What is the units digit of (-1268)/(-6) - a/(-12)*8?
0
Suppose -103*r + 67582 + 430866 = -57031. What is the units digit of r?
3
Let n(l) = -19*l + 12. Let j be n(1). Let c(r) = 18*r**2 - 5. Let w be c(j). Suppose 6*m = 497 + w. What is the units digit of m?
9
Suppose 116*c = 111*c + 26440. Suppose -14*v - c = -22*v. What is the tens digit of v?
6
Suppose r + 586 = -2*u - 0*r, -5*u - 3*r - 1465 = 0. Let t(l) = -6*l**3 + 4*l**2 + 8*l + 8. Let a be t(-4). Let b = u + a. What is the units digit of b?
1
Suppose -36 + 36 = 9*t. Suppose t = -3*w + 14*w - 495. What is the units digit of w?
5
Let d = -324 - -512. Let v(o) = 2*o**2 + 23*o + 60. Let a be v(-3). Suppose 13*j - a*j = d. What is the units digit of j?
7
Suppose -3*n + 2*g + 11 = 0, -2*g + 7 + 0 = 3*n. Suppose -n*d - 2*l - 436 = 0, -4*d - 2*l - 582 = l. Let a = -80 - d. What is the tens digit of a?
6
Suppose -8 - 20 = -v + 5*l, 3*v = -2*l - 1. What is the units digit of 1276/11*(-3 + 12/v)?
6
Let m = -229 - -231. Suppose 4*s - 2 + 14 = 0, -5*a + 3121 = -m*s. What is the units digit of a?
3
Suppose 199 = 19*z - 10. Suppose 